) - 4. Suppose -4*m + 157 = 5*u - 231, -2*m = u - k. Is (-6)/2 + (u - 0) composite?
True
Let o(q) be the second derivative of -q**5/20 + 2*q**4/3 + 3*q**3/2 + 5*q**2/2 + 4*q. Suppose 3*i + 4*l = 28, 4*l - 12 = -4*i + 3*i. Is o(i) composite?
True
Is (6 - 3) + (127 - 0) - -3 a composite number?
True
Let r(d) = 7*d**2 + 14*d + 25. Suppose 22*q - 21*q = 12. Is r(q) composite?
False
Let j = -7390 + 25821. Is j prime?
False
Suppose 2*o - 5*i + 36 = 0, -4*o + 2*i - 43 = 13. Let k = -13 - o. Suppose k*h = h - 35. Is h prime?
False
Suppose 0 = -2*u - 3*o + 10935, -u = -o - 8066 + 2596. Is u prime?
False
Suppose 72 + 110 = 3*y + 4*f, -241 = -4*y - 5*f. Suppose 3*x + y - 222 = 0. Let m = -22 + x. Is m a prime number?
False
Suppose -5*w = -2*b + 6744, 4*b - 2*w - 15806 = -2302. Is b a composite number?
True
Let q(z) = -2*z**2 - 198*z - 111. Is q(-55) prime?
True
Suppose o = 4*l + 40371, -3*l - 23876 - 6405 = 2*o. Let k = l - -871. Is (-4)/22 - k/22 a composite number?
False
Suppose 3*t + 4 = -2*u - 2, -4*t - 8 = -4*u. Suppose 6*j - 4*j - 920 = u. Let y = j + -275. Is y composite?
True
Suppose -3*q + 2235 = -18*u + 14*u, -5*u = -q + 745. Is q a prime number?
False
Suppose -2*q = -5*r - 1066, 1484 = -5*q + 3*r + 4130. Suppose 2*d + 4*z - 264 = 0, -4*d - 5*z + q = -z. Let c = 137 + d. Is c a prime number?
True
Let q = 15910 - 9389. Is q a prime number?
True
Suppose -4*h + 6*h + 3032 = 5*p, 0 = 4*h + 4. Let x be (-1)/(2/p + 0). Let q = -100 - x. Is q a prime number?
False
Let i = -21 - -21. Suppose i = l - 40 - 165. Is l a prime number?
False
Is 47871/12 + 1/(-7 + 3) a prime number?
True
Let z = 335 - 526. Is -3*((-20)/(-6) + -3)*z a composite number?
False
Let l = -12 + 14. Suppose -5*o - 3*t + 367 = -243, -l*t = -10. Is o composite?
True
Suppose 95 = w + v, 2*v - 3*v - 2 = 0. Is w a prime number?
True
Let l = 4 - 5. Is -1 + l + (281 - -8) prime?
False
Let g(q) = 7*q**2 + 36*q - 94. Is g(9) a prime number?
True
Suppose -3*b + i = b + 115, 5*b - 3*i = -149. Let z = -24 - b. Suppose 1867 = z*q - 217. Is q composite?
False
Let k = 367 - 629. Let v = 2434 - 1699. Let z = k + v. Is z a prime number?
False
Suppose -620 = 2*i - 6*i. Suppose 3*h - 2*u = 73, -5*h - u + i - 42 = 0. Is h prime?
True
Suppose 3203 = 4*v - 3*i, 0 = -3*v - 4*i - 912 + 3283. Is v composite?
False
Let q(n) = -n**3 - 2 + 22*n - 27*n - 4*n**2 + 0. Let c be q(-3). Suppose -2*r - 28 = -c*r. Is r prime?
False
Let s(x) = 19*x + 7 - 372*x - 146*x - 178*x. Is s(-2) composite?
False
Suppose -182311 = -5*k + p, -4*k + 145848 = -6*p + 5*p. Is k a composite number?
True
Suppose 994*g = 1006*g - 737556. Is g composite?
False
Let m(g) = 4*g + 4*g**2 + 0*g**2 - g. Let o(r) = r**2 - 17*r + 11. Let d be o(16). Is m(d) a prime number?
False
Let g(a) = -446*a - 5. Suppose 0 = -2*h - 4*z + 8, -3*z + 7 = -3*h - 8. Is g(h) composite?
False
Let a(s) = -2*s + 26. Let x be a(13). Let f(v) = -3*v + 447. Is f(x) prime?
False
Suppose -5 = -5*w, -5*y = -2*w + 3*w + 119. Let h(o) = -2*o**2 - 83*o - 19. Is h(y) composite?
False
Let m be 51/(-2*(1 - 694/692)). Suppose 0 = 3*g - 0*b + 3*b - m, b = 5*g - 14693. Is g composite?
False
Let s = -10 + 6. Let k be 24/s*(2 + -1). Is 763/2 - k/(-12) a composite number?
True
Let l be (-2)/3 + 1/(-3). Let k be l*(2 + -377 - -2). Is k - 0*(-3)/9 a prime number?
True
Let i be 6/2 + -1 - (9 + -7). Let h(n) = 34*n**2 + 1. Let l be h(-1). Suppose i*c - l = -c. Is c prime?
False
Suppose 4*v - 1474 = 5*r, -5*v + 5*r + 784 = -1061. Is v a prime number?
False
Suppose 3 = -2*b + 6*b + m, -5*b + 30 = -4*m. Let t be (-1 - -2)/(b/790). Suppose -2*s + s = -t. Is s composite?
True
Let u = 117 - -86. Is u a prime number?
False
Let x = 3 + 2. Suppose 5*v - 17 = p, x*v - 19 = -p + v. Is (-2)/p*2202/(-4) a composite number?
False
Suppose o - 2557 = -11*y + 9*y, -2*y = 0. Suppose -o + 6739 = 6*w. Is w prime?
False
Let r(z) = 3*z**2 - 7*z + 13. Let k be r(9). Let g = k - -280. Is g/5 + (-6)/(-15) a composite number?
True
Let n = 1490 - -147. Is n prime?
True
Let n(t) be the third derivative of t**5/60 - 5*t**4/12 - 4*t**3/3 - 12*t**2. Is n(-7) a prime number?
False
Suppose 3*g = -2*q + 18143, 66*g = 62*g + 2*q + 24200. Is g a composite number?
True
Suppose 11*f = 15*f - 24. Let h(s) = 46*s + 26. Is h(f) a composite number?
True
Let t = 797 - -902. Let q = t - 1116. Is q composite?
True
Let b(k) = k**2 + k + 15. Suppose -4*q = -2*j + j + 12, 3*q = 3*j - 9. Let c be b(j). Suppose 6*x - c = x, 4*x + 283 = 5*f. Is f composite?
False
Let m = 540 - 156. Suppose s = 3*r - 234, 5*s + m + 16 = 5*r. Is r a composite number?
True
Is (40/(-25))/(-4) - 73465/(-25) a composite number?
False
Let q = -7 + 11. Is q/5 + (-5804)/(-20) a composite number?
True
Suppose 15488 - 138 = 10*l. Is l a composite number?
True
Let v = -921 - -2735. Is v prime?
False
Let j(d) = -3 + 104*d - 125*d - 106*d - 77*d. Let u be j(-3). Suppose -4*s - u = -7*s. Is s prime?
False
Let c = 1190 - 313. Is c a composite number?
False
Let j = 23 - 22. Let z be -3 + j - (-5 + 1). Suppose 0*i + z*i + 5*k - 986 = 0, -1479 = -3*i + 2*k. Is i a composite number?
True
Let w be (-6)/(-8) + 37/4. Suppose -3*c + 4 = w. Let o(s) = -10*s**3 - 3*s**2 - 2*s - 3. Is o(c) a prime number?
False
Let d(x) = -x**3 - 4*x**2 - 2*x - 3. Let t be d(-3). Let r be (-1 - 29)/(t/52). Suppose -2*m = -5*j + 15 + r, -5*j = 5*m - 275. Is j a prime number?
False
Let r(v) = v**3 - 8*v**2 - 13*v - 9. Let w(c) be the second derivative of c**5/20 + 5*c**4/6 - c**3/6 + c**2/2 + 3*c. Let g be w(-10). Is r(g) composite?
False
Let r = -11 - -14. Let v(n) = 1 + 0 + 3 - 3 + r*n. Is v(6) prime?
True
Suppose 78 = -11*l + 8*l. Is (l/(-4) - 1)/(5/1790) a prime number?
False
Let v be (-6)/(-12)*(1 + 3). Suppose 3*y = -0*b + b + 10, -4*y = -v*b - 16. Suppose y*r = 3*n + 756, r - 3*n - 420 + 45 = 0. Is r a prime number?
False
Let x = 15653 - -3918. Is x a composite number?
False
Suppose -k - 9925 = -6*k. Suppose -k = -2*m - s, -1970 = -3*m + m + 4*s. Is m a composite number?
False
Let s = 51 - 21. Let n = -20 + s. Let a = n + -4. Is a a prime number?
False
Suppose 2*q - 35214 = -12*a + 16*a, -5*a - 17592 = -q. Is q a composite number?
True
Let v(c) = c - 5. Let q be v(4). Let h be (q/(2/378))/(-1). Let j = h + -62. Is j a composite number?
False
Suppose 0 = -19*i + 144509 + 735704. Is i prime?
True
Let f be 1 + -4*(-4)/8. Suppose b - 2*b + 891 = -r, 2649 = f*b + 3*r. Is b composite?
False
Is -8 - 14*1812/(-8) a prime number?
True
Suppose 0 = 9*m - 143117 - 182566. Is m prime?
True
Is (-1*563)/((-21)/1407) prime?
False
Let g(m) = 77*m - 14 - 17 + 37. Is g(9) a prime number?
False
Let j = -21581 + 50470. Is j a composite number?
True
Let y = -59 - -61. Suppose -3*f = y*f + 5, 4*f + 2589 = 5*k. Is k prime?
False
Let t(l) = l**2 + 2*l + 3. Let z be t(0). Suppose 5*b = 3*d - 34, -2*d + z*d = -2. Let x(y) = -y**3 - 3*y**2 + 3*y - 3. Is x(b) a prime number?
True
Let k be (10 - 2)*((-4)/(-8) - 0). Is (-1162)/21*(-6)/k composite?
False
Let l be ((-1)/(-3))/(4/(-3) + 1). Is (l/3)/((-3)/1611) composite?
False
Let c = 284 + -411. Let p = c + 1034. Is p composite?
False
Let i = -78 - -81. Suppose -3*g - 12053 = 2*u - 6*u, 0 = -2*u + i*g + 6019. Is u prime?
False
Suppose x = -2*k + 60, 0*k - k - x = -31. Suppose 220 = -22*n - 220. Let h = n + k. Is h a prime number?
False
Let y(x) = 5*x**2 - 11*x + 7. Let m be y(3). Suppose -582 = -m*a + 13*a. Is a composite?
False
Let d = 676 + 48. Suppose c - 5*c + d = 0. Is c a composite number?
False
Let g = -331 + 198. Let h = 428 + g. Is h a composite number?
True
Let l = -23 + 14. Let y(s) = 3*s**2 + 31*s + 22. Let t(v) = -2*v**2 - 21*v - 15. Let a(d) = 8*t(d) + 5*y(d). Is a(l) prime?
False
Let y = -75 + 0. Let a = 334 + y. Is a a composite number?
True
Let q = 11 - 4. Suppose q*y - 2228 = 3*y. Is y prime?
True
Let s(f) be the third derivative of -1/10*f**6 + 2/3*f**3 + 0 - 1/20*f**5 - 3*f**2 + 1/24*f**4 + 0*f. Is s(-3) composite?
True
Let c(y) = 718*y**2 - 2*y - 5. Let n(l) = -239*l**2 + l + 2. Let g(v) = -4*c(v) - 11*n(v). Let f be g(-2). Let u = f - -1753. Is u prime?
False
Let k = -719 + 3267. Let i = k + -1374. Is i a prime number?
False
Let a = 2496 - 1763. Let g = 2439 - a. Is g a composite number?
True
Is (-1954)/((-4)/(-22) + 360/(-165)) prime?
True
Let l = 